ivided by 86?
67
What is the remainder when 191 is divided by 37?
6
Calculate the remainder when 88 is divided by 86.
2
Calculate the remainder when 354 is divided by 52.
42
Calculate the remainder when 1738 is divided by 64.
10
Calculate the remainder when 1222 is divided by 58.
4
What is the remainder when 3194 is divided by 638?
4
Calculate the remainder when 4694 is divided by 1561.
11
Calculate the remainder when 339 is divided by 34.
33
What is the remainder when 219 is divided by 52?
11
Calculate the remainder when 251 is divided by 51.
47
What is the remainder when 244 is divided by 42?
34
What is the remainder when 1546 is divided by 511?
13
What is the remainder when 1278 is divided by 33?
24
Calculate the remainder when 502 is divided by 63.
61
Calculate the remainder when 115 is divided by 80.
35
What is the remainder when 2747 is divided by 25?
22
Calculate the remainder when 23 is divided by 15.
8
What is the remainder when 25 is divided by 3?
1
What is the remainder when 9306 is divided by 19?
15
What is the remainder when 4485 is divided by 44?
41
What is the remainder when 3116 is divided by 71?
63
Calculate the remainder when 109 is divided by 6.
1
What is the remainder when 1974 is divided by 90?
84
What is the remainder when 2019 is divided by 183?
6
Calculate the remainder when 458 is divided by 151.
5
Calculate the remainder when 2132 is divided by 178.
174
Calculate the remainder when 11 is divided by 2.
1
What is the remainder when 15133 is divided by 15?
13
Calculate the remainder when 1641 is divided by 3.
0
What is the remainder when 102 is divided by 54?
48
Calculate the remainder when 199 is divided by 26.
17
Calculate the remainder when 2364 is divided by 26.
24
What is the remainder when 2482 is divided by 35?
32
Calculate the remainder when 229 is divided by 82.
65
Calculate the remainder when 27 is divided by 19.
8
What is the remainder when 491 is divided by 20?
11
Calculate the remainder when 547 is divided by 35.
22
What is the remainder when 186 is divided by 103?
83
What is the remainder when 1635 is divided by 126?
123
Calculate the remainder when 97 is divided by 20.
17
What is the remainder when 195 is divided by 22?
19
Calculate the remainder when 49 is divided by 20.
9
What is the remainder when 636 is divided by 212?
0
Calculate the remainder when 409 is divided by 27.
4
Calculate the remainder when 373 is divided by 63.
58
What is the remainder when 30 is divided by 18?
12
Calculate the remainder when 236 is divided by 123.
113
What is the remainder when 117 is divided by 39?
0
Calculate the remainder when 3648 is divided by 22.
18
Calculate the remainder when 726 is divided by 14.
12
Calculate the remainder when 761 is divided by 127.
126
Calculate the remainder when 353 is divided by 30.
23
Calculate the remainder when 101 is divided by 13.
10
Calculate the remainder when 30841 is divided by 22.
19
What is the remainder when 94 is divided by 12?
10
What is the remainder when 1172 is divided by 84?
80
What is the remainder when 18628 is divided by 46?
44
What is the remainder when 3499 is divided by 1163?
10
Calculate the remainder when 249 is divided by 11.
7
Calculate the remainder when 351 is divided by 316.
35
What is the remainder when 488 is divided by 7?
5
What is the remainder when 365 is divided by 36?
5
Calculate the remainder when 836 is divided by 15.
11
What is the remainder when 396 is divided by 80?
76
Calculate the remainder when 52 is divided by 43.
9
Calculate the remainder when 45 is divided by 16.
13
Calculate the remainder when 479 is divided by 145.
44
Calculate the remainder when 121 is divided by 16.
9
Calculate the remainder when 78 is divided by 10.
8
Calculate the remainder when 87 is divided by 22.
21
Calculate the remainder when 95 is divided by 12.
11
Calculate the remainder when 339 is divided by 20.
19
Calculate the remainder when 30 is divided by 24.
6
Calculate the remainder when 28 is divided by 25.
3
Calculate the remainder when 187 is divided by 28.
19
What is the remainder when 59 is divided by 11?
4
What is the remainder when 47 is divided by 10?
7
What is the remainder when 765 is divided by 371?
23
Calculate the remainder when 681 is divided by 98.
93
What is the remainder when 42 is divided by 4?
2
What is the remainder when 3034 is divided by 46?
44
What is the remainder when 179 is divided by 18?
17
Calculate the remainder when 131 is divided by 81.
50
What is the remainder when 183 is divided by 23?
22
What is the remainder when 48 is divided by 9?
3
Calculate the remainder when 443 is divided by 65.
53
What is the remainder when 215 is divided by 16?
7
What is the remainder when 3149 is divided by 126?
125
What is the remainder when 2533 is divided by 1266?
1
What is the remainder when 239 is divided by 200?
39
What is the remainder when 338 is divided by 86?
80
Calculate the remainder when 478 is divided by 44.
38
What is the remainder when 217 is divided by 32?
25
Calculate the remainder when 79 is divided by 41.
38
What is the remainder when 56 is divided by 6?
2
Calculate the remainder when 411 is divided by 46.
43
Calculate the remainder when 158 is divided by 53.
52
Calculate the remainder when 724 is divided by 159.
88
Calculate the remainder when 1487 is divided by 169.
135
What is the remainder when 344 is divided by 23?
22
Calculate the remainder when 157 is divided by 21.
10
What is the remainder when 1506 is divided by 63?
57
What is the remainder when 267 is divided by 27?
24
Calculate the remainder when 3714 is divided by 13.
9
What is the remainder when 2222 is divided by 19?
18
Calculate the remainder when 151 is divided by 5.
1
What is the remainder when 405 is divided by 38?
25
Calculate the remainder when 59 is divided by 12.
11
Calculate the remainder when 1404 is divided by 20.
4
What is the remainder when 767 is divided by 98?
81
Calculate the remainder when 206 is divided by 55.
41
What is the remainder when 913 is divided by 896?
17
What is the remainder when 141 is divided by 29?
25
Calculate the remainder when 845 is divided by 34.
29
What is the remainder when 253 is divided by 49?
8
What is the remainder when 46 is divided by 17?
12
What is the remainder when 386 is divided by 78?
74
Calculate the remainder when 2825 is divided by 23.
19
Calculate the remainder when 1211 is divided by 27.
23
Calculate the remainder when 5599 is divided by 350.
349
Calculate the remainder when 246 is divided by 29.
14
What is the remainder when 337 is divided by 68?
65
Calculate the remainder when 3585 is divided by 715.
10
Calculate the remainder when 185 is divided by 31.
30
Calculate the remainder when 520 is divided by 27.
7
Calculate the remainder when 683 is divided by 25.
8
What is the remainder when 538 is divided by 77?
76
Calculate the remainder when 486 is divided by 103.
74
Calculate the remainder when 7 is divided by 2.
1
Calculate the remainder when 316 is divided by 40.
36
What is the remainder when 80 is divided by 14?
10
Calculate the remainder when 556 is divided by 168.
52
What is the remainder when 436 is divided by 33?
7
Calculate the remainder when 357 is divided by 36.
33
What is the remainder when 395 is divided by 105?
80
Calculate the remainder when 418 is divided by 84.
82
What is the remainder when 650 is divided by 43?
5
Calculate the remainder when 567 is divided by 8.
7
Calculate the remainder when 165 is divided by 40.
5
What is the remainder when 42 is divided by 10?
2
What is the remainder when 21859 is divided by 63?
61
Calculate the remainder when 38112 is divided by 35.
32
What is the remainder when 559 is divided by 37?
4
Calculate the remainder when 49 is divided by 12.
1
What is the remainder when 11855 is divided by 152?
151
Calculate the remainder when 303 is divided by 158.
145
Calculate the remainder when 59 is divided by 17.
8
What is the remainder when 100 is divided by 21?
16
What is the remainder when 610 is divided by 88?
82
What is the remainder when 2455 is divided by 95?
80
Calculate the remainder when 5002 is divided by 9.
7
Calculate the remainder when 33 is divided by 2.
1
What is the remainder when 435 is divided by 61?
8
What is the remainder when 1356 is divided by 56?
12
What is t